{"id":105,"date":"2015-12-15T23:44:22","date_gmt":"2015-12-15T22:44:22","guid":{"rendered":"http:\/\/wkb.se\/?page_id=105"},"modified":"2026-03-12T09:55:48","modified_gmt":"2026-03-12T08:55:48","slug":"konferens","status":"publish","type":"page","link":"https:\/\/wkb.se\/?page_id=105","title":{"rendered":"Konferens"},"content":{"rendered":"<p>[et_pb_section fb_built=&#8221;1&#8243; fullwidth=&#8221;on&#8221; _builder_version=&#8221;3.0.47&#8243;][et_pb_fullwidth_header title=&#8221;Konferens&#8221; subhead=&#8221;OBS! Endast p\u00e5 WKB V\u00e4stberga&#8221; _builder_version=&#8221;3.16&#8243; background_color=&#8221;#f3f3cd&#8221; background_layout=&#8221;light&#8221; button_one_letter_spacing_hover=&#8221;0&#8243; button_two_letter_spacing_hover=&#8221;0&#8243; button_one_text_size__hover_enabled=&#8221;off&#8221; button_two_text_size__hover_enabled=&#8221;off&#8221; button_one_text_color__hover_enabled=&#8221;off&#8221; button_two_text_color__hover_enabled=&#8221;off&#8221; button_one_border_width__hover_enabled=&#8221;off&#8221; button_two_border_width__hover_enabled=&#8221;off&#8221; button_one_border_color__hover_enabled=&#8221;off&#8221; button_two_border_color__hover_enabled=&#8221;off&#8221; button_one_border_radius__hover_enabled=&#8221;off&#8221; button_two_border_radius__hover_enabled=&#8221;off&#8221; button_one_letter_spacing__hover_enabled=&#8221;on&#8221; button_one_letter_spacing__hover=&#8221;0&#8243; button_two_letter_spacing__hover_enabled=&#8221;on&#8221; button_two_letter_spacing__hover=&#8221;0&#8243; button_one_bg_color__hover_enabled=&#8221;off&#8221; button_two_bg_color__hover_enabled=&#8221;off&#8221;]<br \/>\n[\/et_pb_fullwidth_header][\/et_pb_section][et_pb_section fb_built=&#8221;1&#8243; custom_padding_last_edited=&#8221;on|desktop&#8221; _builder_version=&#8221;3.0.74&#8243; custom_padding_tablet=&#8221;50px|0|50px|0&#8243; transparent_background=&#8221;off&#8221; padding_mobile=&#8221;off&#8221;][et_pb_row _builder_version=&#8221;3.0.47&#8243; background_size=&#8221;initial&#8221; background_position=&#8221;top_left&#8221; background_repeat=&#8221;repeat&#8221;][et_pb_column type=&#8221;1_3&#8243; _builder_version=&#8221;3.0.47&#8243; parallax=&#8221;off&#8221; parallax_method=&#8221;on&#8221;][et_pb_blurb title=&#8221;Pegasus, Sirius och Najaden &#8211; Upp till 10 platser&#8221; image=&#8221;http:\/\/wkb.se\/wp-content\/uploads\/2016\/01\/konf9.jpg&#8221; _builder_version=&#8221;3.0.87&#8243; background_size=&#8221;initial&#8221; background_position=&#8221;top_left&#8221; background_repeat=&#8221;repeat&#8221; use_border_color=&#8221;off&#8221; border_color=&#8221;#ffffff&#8221; border_style=&#8221;solid&#8221;]<\/p>\n<div id=\"ninja_forms_field_8_div_wrap\" class=\"ninja-forms-field nf-desc\">\n<p>Hyra fr\u00e5n 350kr per timme.<\/p>\n<\/div>\n<p>[\/et_pb_blurb][\/et_pb_column][et_pb_column type=&#8221;1_3&#8243; _builder_version=&#8221;3.0.47&#8243; parallax=&#8221;off&#8221; parallax_method=&#8221;on&#8221;][et_pb_blurb title=&#8221;Orion &#8211; Upp till 30 platser&#8221; image=&#8221;http:\/\/wkb.se\/wp-content\/uploads\/2016\/01\/konf12.jpg&#8221; _builder_version=&#8221;3.0.87&#8243; background_size=&#8221;initial&#8221; background_position=&#8221;top_left&#8221; background_repeat=&#8221;repeat&#8221; use_border_color=&#8221;off&#8221; border_color=&#8221;#ffffff&#8221; border_style=&#8221;solid&#8221;]<\/p>\n<p>Fr\u00e5n 900kr per timme.<\/p>\n<p>[\/et_pb_blurb][\/et_pb_column][et_pb_column type=&#8221;1_3&#8243; _builder_version=&#8221;3.0.47&#8243; parallax=&#8221;off&#8221; parallax_method=&#8221;on&#8221;][et_pb_blurb title=&#8221;Nova &#8211; Upp till 65 platser&#8221; image=&#8221;http:\/\/wkb.se\/wp-content\/uploads\/2016\/01\/konf3.jpg&#8221; _builder_version=&#8221;3.0.87&#8243; background_size=&#8221;initial&#8221; background_position=&#8221;top_left&#8221; background_repeat=&#8221;repeat&#8221; use_border_color=&#8221;off&#8221; border_color=&#8221;#ffffff&#8221; border_style=&#8221;solid&#8221;]<\/p>\n<p>Fr\u00e5n 1400kr per timme.<\/p>\n<p>[\/et_pb_blurb][\/et_pb_column][\/et_pb_row][et_pb_row _builder_version=&#8221;3.19.11&#8243;][et_pb_column type=&#8221;4_4&#8243; _builder_version=&#8221;3.19.11&#8243; parallax=&#8221;off&#8221; parallax_method=&#8221;on&#8221;][et_pb_text _builder_version=&#8221;3.19.11&#8243;]<\/p>\n<div>Konferensrummen p\u00e5 WKB V\u00e4stberga \u00e4r den perfekta platsen f\u00f6r m\u00f6ten och konferenser som kr\u00e4ver en professionell och bekv\u00e4m milj\u00f6. Bel\u00e4get p\u00e5 bottenplan med egen entr\u00e9 fr\u00e5n gatan, erbjuder vi\u00a0 l\u00e4ttillg\u00e4ngliga och flexibla lokaler f\u00f6r olika typer av evenemang. Oavsett om ni planerar ett styrelsem\u00f6te, en heldagskonferens eller en workshop, kan rummen anpassas efter era behov med modern utrustning och bekv\u00e4mligheter.<\/div>\n<div><\/div>\n<div>Lokalerna har en stilren och funktionell design och \u00e4r utrustade med all n\u00f6dv\u00e4ndig teknisk utrustning. Med tillg\u00e5ng till WKB\u00b4s v\u00e4lrenommerade catering, d\u00e4r k\u00f6ksm\u00e4stare Jonas Tjernberg ser till att ni f\u00e5r avnjuta f\u00f6rstklassig mat, kan ni \u00e4ven inkludera skr\u00e4ddarsydda m\u00e5ltider som en del av ert event. WKB Konferens \u00e4r ett idealiskt val f\u00f6r att skapa effektiva och inspirerande m\u00f6ten i en avslappnad och v\u00e4lutrustad milj\u00f6.<\/div>\n<p>[\/et_pb_text][\/et_pb_column][\/et_pb_row][\/et_pb_section][et_pb_section fb_built=&#8221;1&#8243; _builder_version=&#8221;3.0.47&#8243;][et_pb_row _builder_version=&#8221;3.0.47&#8243; background_size=&#8221;initial&#8221; background_position=&#8221;top_left&#8221; background_repeat=&#8221;repeat&#8221;][et_pb_column type=&#8221;1_2&#8243; _builder_version=&#8221;3.0.47&#8243; parallax=&#8221;off&#8221; parallax_method=&#8221;on&#8221;][et_pb_text _builder_version=&#8221;3.0.95&#8243; background_size=&#8221;initial&#8221; background_position=&#8221;top_left&#8221; background_repeat=&#8221;repeat&#8221; use_border_color=&#8221;off&#8221; border_color=&#8221;#ffffff&#8221; border_style=&#8221;solid&#8221;]<\/p>\n<h4><strong>Konferenslokaler<\/strong><\/h4>\n<p>Hyra f\u00f6r Heldag\/Halvdag\/Per timme.<br \/>\n<strong>Nova<\/strong>\u00a0ca 65 platser \u2013 6100kr\/3700kr\/1400kr<br \/>\n<strong>Orion<\/strong>\u00a0ca 30 platser \u2013 3800kr\/2700kr\/900kr<br \/>\n<strong>Najaden<\/strong>\u00a0ca 10 platser \u2013 1800kr\/1000kr\/400kr<br \/>\n<strong>Pegasus<\/strong>\u00a0ca 8 platser \u2013 1400kr\/800kr\/350kr<br \/>\n<strong>Sirius<\/strong>\u00a0ca 8 platser \u2013 1400kr\/800kr\/350kr<\/p>\n<p><em>Alla konferensrum kan omm\u00f6bleras f\u00f6r att anpassas efter hur m\u00e5nga ni \u00e4r. Olika sittningar \u00e4r t.ex.\u00a0Biosittning\/Skolsittning\/U-sittning\/Styrelsesittning\/\u00d6ar.\u00a0Ordinarie m\u00f6blering \u00e4r Nova-Skolsittning\/Orion-Skolsittning\/\u00d6vriga-Styrelsesittning. Om omm\u00f6blering \u00f6nskas tillkommer en avgift p\u00e5 500 kr.<\/em><\/p>\n<p>Avbokningsregler: Vid avbokning 1-2 dagar innan g\u00e4ller full betalning. Vid avbokning 3-5 dagar innan g\u00e4ller 50% betalning.<\/p>\n<p><em>Till\u00e4gg efter kl.17: 500 kr<\/em><\/p>\n<p><em>Helgtill\u00e4gg: 1500 kr<\/em><\/p>\n<p>[\/et_pb_text][\/et_pb_column][et_pb_column type=&#8221;1_2&#8243; _builder_version=&#8221;3.0.47&#8243; parallax=&#8221;off&#8221; parallax_method=&#8221;on&#8221;][et_pb_text _builder_version=&#8221;3.0.95&#8243; background_size=&#8221;initial&#8221; background_position=&#8221;top_left&#8221; background_repeat=&#8221;repeat&#8221; use_border_color=&#8221;off&#8221;]<\/p>\n<h4><strong>Mat&amp;Dryck vid\u00a0konferens<\/strong><\/h4>\n<p><strong>F\u00f6r-\/Eftermiddagsfika \u2013 65 kr<\/strong><br \/>\n<strong>Matig macka\/wraps \u2013 75 kr<\/strong><br \/>\n<b>Reserverat bord i restaurangen &#8211; 150 k<strong>r<\/strong><\/b><\/p>\n<p><strong>Kaffe &#8211; 30 kr<\/strong><br \/>\n<strong>Loka\/l\u00e4tt\u00f6l\/l\u00e4sk &#8211; 25 kr<\/strong><br \/>\n<strong>Juice &#8211; 30 kr<\/strong><br \/>\n<strong>Fralla &#8211; 35 kr<\/strong><br \/>\n<strong>Fikabr\u00f6d &#8211; 35 kr<\/strong><br \/>\n<strong>Fruktkorg &#8211; 30 kr \/pers<\/strong><br \/>\n<strong>Smoothie &#8211; 35 kr<\/strong><\/p>\n<p><em>Fr\u00e5ga oss g\u00e4rna om ni har \u00f6vriga \u00f6nskem\u00e5l p\u00e5 buff\u00e9er, snittar, kanap\u00e9er, middagar, sm\u00f6rg\u00e5st\u00e5rtor m.m.\u00a0<\/em><em>Samtliga priser \u00e4r per person och ex moms.<\/em><\/p>\n<p><strong>Mejla vastberga@wkb.se f\u00f6r bokning av konferens.<\/strong><\/p>\n<p>[\/et_pb_text][\/et_pb_column][\/et_pb_row][\/et_pb_section][et_pb_section fb_built=&#8221;1&#8243; fullwidth=&#8221;on&#8221; _builder_version=&#8221;3.0.47&#8243;][et_pb_fullwidth_header _builder_version=&#8221;3.16&#8243; background_color=&#8221;#f3f3cd&#8221; background_layout=&#8221;light&#8221; button_one_text_size__hover_enabled=&#8221;off&#8221; button_two_text_size__hover_enabled=&#8221;off&#8221; button_one_text_color__hover_enabled=&#8221;off&#8221; button_two_text_color__hover_enabled=&#8221;off&#8221; button_one_border_width__hover_enabled=&#8221;off&#8221; button_two_border_width__hover_enabled=&#8221;off&#8221; button_one_border_color__hover_enabled=&#8221;off&#8221; button_two_border_color__hover_enabled=&#8221;off&#8221; button_one_border_radius__hover_enabled=&#8221;off&#8221; button_two_border_radius__hover_enabled=&#8221;off&#8221; button_one_letter_spacing__hover_enabled=&#8221;off&#8221; button_two_letter_spacing__hover_enabled=&#8221;off&#8221; button_one_bg_color__hover_enabled=&#8221;off&#8221; button_two_bg_color__hover_enabled=&#8221;off&#8221;]<\/p>\n<h4 style=\"text-align: center;\"><span style=\"font-size: small;\">Alla bokningar skall bekr\u00e4ftas skriftligt till s\u00e5v\u00e4l kund som restaurang.<\/span><\/h4>\n<h4 style=\"text-align: center;\"><span style=\"font-size: small;\">Kostnader kan tillkomma f\u00f6r diverse tillval.<br \/>\n<\/span><\/h4>\n<p style=\"text-align: center;\"><strong>Mejla eller ring oss f\u00f6r bokning av konferens!<\/strong><\/p>\n<p>[\/et_pb_fullwidth_header][\/et_pb_section]<\/p>\n","protected":false},"excerpt":{"rendered":"<p>[et_pb_section fb_built=&#8221;1&#8243; fullwidth=&#8221;on&#8221; _builder_version=&#8221;3.0.47&#8243;][et_pb_fullwidth_header title=&#8221;Konferens&#8221; subhead=&#8221;OBS! Endast p\u00e5 WKB V\u00e4stberga&#8221; _builder_version=&#8221;3.16&#8243; background_color=&#8221;#f3f3cd&#8221; background_layout=&#8221;light&#8221; button_one_letter_spacing_hover=&#8221;0&#8243; button_two_letter_spacing_hover=&#8221;0&#8243; button_one_text_size__hover_enabled=&#8221;off&#8221; button_two_text_size__hover_enabled=&#8221;off&#8221; button_one_text_color__hover_enabled=&#8221;off&#8221; button_two_text_color__hover_enabled=&#8221;off&#8221; button_one_border_width__hover_enabled=&#8221;off&#8221; button_two_border_width__hover_enabled=&#8221;off&#8221; button_one_border_color__hover_enabled=&#8221;off&#8221; button_two_border_color__hover_enabled=&#8221;off&#8221; button_one_border_radius__hover_enabled=&#8221;off&#8221; button_two_border_radius__hover_enabled=&#8221;off&#8221; button_one_letter_spacing__hover_enabled=&#8221;on&#8221; button_one_letter_spacing__hover=&#8221;0&#8243; button_two_letter_spacing__hover_enabled=&#8221;on&#8221; button_two_letter_spacing__hover=&#8221;0&#8243; button_one_bg_color__hover_enabled=&#8221;off&#8221; button_two_bg_color__hover_enabled=&#8221;off&#8221;] [\/et_pb_fullwidth_header][\/et_pb_section][et_pb_section fb_built=&#8221;1&#8243; custom_padding_last_edited=&#8221;on|desktop&#8221; _builder_version=&#8221;3.0.74&#8243; custom_padding_tablet=&#8221;50px|0|50px|0&#8243; transparent_background=&#8221;off&#8221; padding_mobile=&#8221;off&#8221;][et_pb_row _builder_version=&#8221;3.0.47&#8243; background_size=&#8221;initial&#8221; background_position=&#8221;top_left&#8221; background_repeat=&#8221;repeat&#8221;][et_pb_column type=&#8221;1_3&#8243; _builder_version=&#8221;3.0.47&#8243; parallax=&#8221;off&#8221; parallax_method=&#8221;on&#8221;][et_pb_blurb title=&#8221;Pegasus, Sirius och Najaden &#8211; Upp till 10 platser&#8221; [&hellip;]<\/p>\n","protected":false},"author":1,"featured_media":0,"parent":64,"menu_order":0,"comment_status":"closed","ping_status":"closed","template":"","meta":{"_et_pb_use_builder":"on","_et_pb_old_content":"","footnotes":""},"class_list":["post-105","page","type-page","status-publish","hentry"],"_links":{"self":[{"href":"https:\/\/wkb.se\/index.php?rest_route=\/wp\/v2\/pages\/105"}],"collection":[{"href":"https:\/\/wkb.se\/index.php?rest_route=\/wp\/v2\/pages"}],"about":[{"href":"https:\/\/wkb.se\/index.php?rest_route=\/wp\/v2\/types\/page"}],"author":[{"embeddable":true,"href":"https:\/\/wkb.se\/index.php?rest_route=\/wp\/v2\/users\/1"}],"replies":[{"embeddable":true,"href":"https:\/\/wkb.se\/index.php?rest_route=%2Fwp%2Fv2%2Fcomments&post=105"}],"version-history":[{"count":76,"href":"https:\/\/wkb.se\/index.php?rest_route=\/wp\/v2\/pages\/105\/revisions"}],"predecessor-version":[{"id":61067,"href":"https:\/\/wkb.se\/index.php?rest_route=\/wp\/v2\/pages\/105\/revisions\/61067"}],"up":[{"embeddable":true,"href":"https:\/\/wkb.se\/index.php?rest_route=\/wp\/v2\/pages\/64"}],"wp:attachment":[{"href":"https:\/\/wkb.se\/index.php?rest_route=%2Fwp%2Fv2%2Fmedia&parent=105"}],"curies":[{"name":"wp","href":"https:\/\/api.w.org\/{rel}","templated":true}]}}